{"id":1705,"date":"2025-09-15T20:58:54","date_gmt":"2025-09-15T18:58:54","guid":{"rendered":"https:\/\/consultacervantes.com\/?page_id=1705"},"modified":"2025-09-16T08:53:57","modified_gmt":"2025-09-16T06:53:57","slug":"flores-de-bach","status":"publish","type":"page","link":"https:\/\/consultacervantes.com\/index.php\/flores-de-bach\/","title":{"rendered":"Flores de bach"},"content":{"rendered":"\t\t<div data-elementor-type=\"wp-page\" data-elementor-id=\"1705\" class=\"elementor elementor-1705\">\n\t\t\t\t<div class=\"elementor-element elementor-element-b38c14b e-flex e-con-boxed e-con e-parent\" data-id=\"b38c14b\" data-element_type=\"container\">\n\t\t\t\t\t<div class=\"e-con-inner\">\n\t\t\t\t<div class=\"elementor-element elementor-element-3266362 elementor-widget elementor-widget-heading\" data-id=\"3266362\" data-element_type=\"widget\" data-widget_type=\"heading.default\">\n\t\t\t\t<div class=\"elementor-widget-container\">\n\t\t\t\t\t<h2 class=\"elementor-heading-title elementor-size-default\">Flores de Bach en M\u00e1laga | Terapia Emocional Natural\n<\/h2>\t\t\t\t<\/div>\n\t\t\t\t<\/div>\n\t\t\t\t<div class=\"elementor-element elementor-element-45cf078 elementor-widget elementor-widget-image\" data-id=\"45cf078\" data-element_type=\"widget\" data-widget_type=\"image.default\">\n\t\t\t\t<div class=\"elementor-widget-container\">\n\t\t\t\t\t\t\t\t\t\t\t\t\t\t\t<img fetchpriority=\"high\" decoding=\"async\" width=\"600\" height=\"336\" src=\"https:\/\/consultacervantes.com\/wp-content\/uploads\/2025\/09\/Flores-de-Bach-en-Malaga-_-Terapia-Emocional-Natural.webp\" class=\"attachment-kava-thumb-xl size-kava-thumb-xl wp-image-1737\" alt=\"Flores de Bach en M\u00e1laga _ Terapia Emocional Natural\" srcset=\"https:\/\/consultacervantes.com\/wp-content\/uploads\/2025\/09\/Flores-de-Bach-en-Malaga-_-Terapia-Emocional-Natural.webp 600w, https:\/\/consultacervantes.com\/wp-content\/uploads\/2025\/09\/Flores-de-Bach-en-Malaga-_-Terapia-Emocional-Natural-300x168.webp 300w, https:\/\/consultacervantes.com\/wp-content\/uploads\/2025\/09\/Flores-de-Bach-en-Malaga-_-Terapia-Emocional-Natural-150x85.webp 150w\" sizes=\"(max-width: 600px) 100vw, 600px\" \/>\t\t\t\t\t\t\t\t\t\t\t\t\t\t\t<\/div>\n\t\t\t\t<\/div>\n\t\t\t\t<div class=\"elementor-element elementor-element-831227e elementor-widget elementor-widget-text-editor\" data-id=\"831227e\" data-element_type=\"widget\" data-widget_type=\"text-editor.default\">\n\t\t\t\t<div class=\"elementor-widget-container\">\n\t\t\t\t\t\t\t\t\t<p data-start=\"336\" data-end=\"538\">En <strong data-start=\"363\" data-end=\"395\">Consulta Cervantes en M\u00e1laga<\/strong>, ofrecemos la terapia con <strong data-start=\"422\" data-end=\"440\">Flores de Bach<\/strong>, un tratamiento natural dise\u00f1ado para equilibrar las emociones y mejorar el bienestar interior.<\/p><p data-start=\"540\" data-end=\"750\">Las <strong data-start=\"582\" data-end=\"610\">Flores de Bach en M\u00e1laga<\/strong> son esencias naturales que act\u00faan suavemente sobre estados emocionales como ansiedad, tristeza, estr\u00e9s, inseguridad o falta de confianza.<\/p><p data-start=\"752\" data-end=\"951\">Este tratamiento ayuda a <strong data-start=\"811\" data-end=\"931\">gestionar el estr\u00e9s diario, superar miedos, mejorar la autoestima, favorecer la calma y aumentar la energ\u00eda positiva<\/strong> de forma natural.<\/p><p data-start=\"953\" data-end=\"1189\">Cada persona recibe una f\u00f3rmula adaptada a sus necesidades espec\u00edficas. En nuestro centro de M\u00e1laga dise\u00f1amos combinaciones \u00fanicas de <strong data-start=\"1120\" data-end=\"1138\">Flores de Bach<\/strong> para potenciar resultados efectivos y duraderos.<\/p><p data-start=\"1191\" data-end=\"1400\">En <strong data-start=\"1231\" data-end=\"1253\">Consulta Cervantes<\/strong> sabemos que las emociones influyen directamente en la salud f\u00edsica. Por eso acompa\u00f1amos a cada paciente con empat\u00eda, escucha activa y confianza.<\/p><p data-start=\"1402\" data-end=\"1600\">Recupera la armon\u00eda emocional con un tratamiento natural y seguro. Agenda tu cita de <strong data-start=\"1518\" data-end=\"1546\">Flores de Bach en M\u00e1laga<\/strong> y da el primer paso hacia una vida m\u00e1s equilibrada.<\/p>\t\t\t\t\t\t\t\t<\/div>\n\t\t\t\t<\/div>\n\t\t\t\t\t<\/div>\n\t\t\t\t<\/div>\n\t\t<div class=\"elementor-element elementor-element-cf3b1f7 e-flex e-con-boxed e-con e-parent\" data-id=\"cf3b1f7\" data-element_type=\"container\">\n\t\t\t\t\t<div class=\"e-con-inner\">\n\t\t\t\t<div class=\"elementor-element elementor-element-7871d08 elementor-widget elementor-widget-heading\" data-id=\"7871d08\" data-element_type=\"widget\" data-widget_type=\"heading.default\">\n\t\t\t\t<div class=\"elementor-widget-container\">\n\t\t\t\t\t<h2 class=\"elementor-heading-title elementor-size-default\">Preguntas frecuentes<\/h2>\t\t\t\t<\/div>\n\t\t\t\t<\/div>\n\t\t\t\t<div class=\"elementor-element elementor-element-91ddec4 elementor-widget elementor-widget-eael-adv-accordion\" data-id=\"91ddec4\" data-element_type=\"widget\" data-widget_type=\"eael-adv-accordion.default\">\n\t\t\t\t<div class=\"elementor-widget-container\">\n\t\t\t\t\t            <div class=\"eael-adv-accordion\" id=\"eael-adv-accordion-91ddec4\" data-scroll-on-click=\"no\" data-scroll-speed=\"300\" data-accordion-id=\"91ddec4\" data-accordion-type=\"accordion\" data-toogle-speed=\"300\">\n            <div class=\"eael-accordion-list\">\n\t\t\t\t\t<div id=\"qu-son-las-flores-de-bach-y-cmo-funcionan\" class=\"elementor-tab-title eael-accordion-header\" tabindex=\"0\" data-tab=\"1\" aria-controls=\"elementor-tab-content-1521\"><span class=\"eael-advanced-accordion-icon-closed\"><i aria-hidden=\"true\" class=\"fa-accordion-icon fas fa-plus\"><\/i><\/span><span class=\"eael-advanced-accordion-icon-opened\"><i aria-hidden=\"true\" class=\"fa-accordion-icon fas fa-minus\"><\/i><\/span><span class=\"eael-accordion-tab-title\">\u00bfQu\u00e9 son las Flores de Bach y c\u00f3mo funcionan?<\/span><i aria-hidden=\"true\" class=\"fa-toggle fas fa-angle-right\"><\/i><\/div><div id=\"elementor-tab-content-1521\" class=\"eael-accordion-content clearfix\" data-tab=\"1\" aria-labelledby=\"qu-son-las-flores-de-bach-y-cmo-funcionan\"><p>Son esencias florales naturales que ayudan a equilibrar emociones negativas como ansiedad, miedo, estr\u00e9s o tristeza.<\/p><p>\u00a0<\/p><\/div>\n\t\t\t\t\t<\/div><div class=\"eael-accordion-list\">\n\t\t\t\t\t<div id=\"las-flores-de-bach-tienen-efectos-secundarios\" class=\"elementor-tab-title eael-accordion-header\" tabindex=\"0\" data-tab=\"2\" aria-controls=\"elementor-tab-content-1522\"><span class=\"eael-advanced-accordion-icon-closed\"><i aria-hidden=\"true\" class=\"fa-accordion-icon fas fa-plus\"><\/i><\/span><span class=\"eael-advanced-accordion-icon-opened\"><i aria-hidden=\"true\" class=\"fa-accordion-icon fas fa-minus\"><\/i><\/span><span class=\"eael-accordion-tab-title\">\u00bfLas Flores de Bach tienen efectos secundarios?<\/span><i aria-hidden=\"true\" class=\"fa-toggle fas fa-angle-right\"><\/i><\/div><div id=\"elementor-tab-content-1522\" class=\"eael-accordion-content clearfix\" data-tab=\"2\" aria-labelledby=\"las-flores-de-bach-tienen-efectos-secundarios\"><p>No, son completamente seguras, no generan adicci\u00f3n y pueden ser utilizadas por adultos, ni\u00f1os e incluso mascotas.<\/p><\/div>\n\t\t\t\t\t<\/div><div class=\"eael-accordion-list\">\n\t\t\t\t\t<div id=\"qu-problemas-emocionales-se-tratan-con-flores-de-bach\" class=\"elementor-tab-title eael-accordion-header\" tabindex=\"0\" data-tab=\"3\" aria-controls=\"elementor-tab-content-1523\"><span class=\"eael-advanced-accordion-icon-closed\"><i aria-hidden=\"true\" class=\"fa-accordion-icon fas fa-plus\"><\/i><\/span><span class=\"eael-advanced-accordion-icon-opened\"><i aria-hidden=\"true\" class=\"fa-accordion-icon fas fa-minus\"><\/i><\/span><span class=\"eael-accordion-tab-title\">\u00bfQu\u00e9 problemas emocionales se tratan con Flores de Bach?<\/span><i aria-hidden=\"true\" class=\"fa-toggle fas fa-angle-right\"><\/i><\/div><div id=\"elementor-tab-content-1523\" class=\"eael-accordion-content clearfix\" data-tab=\"3\" aria-labelledby=\"qu-problemas-emocionales-se-tratan-con-flores-de-bach\"><p>Estr\u00e9s, ansiedad, insomnio, baja autoestima, duelos emocionales y dificultades para concentrarse.<\/p><p>\u00a0<\/p><\/div>\n\t\t\t\t\t<\/div><div class=\"eael-accordion-list\">\n\t\t\t\t\t<div id=\"cunto-tiempo-tarda-en-notarse-el-efecto\" class=\"elementor-tab-title eael-accordion-header\" tabindex=\"0\" data-tab=\"4\" aria-controls=\"elementor-tab-content-1524\"><span class=\"eael-advanced-accordion-icon-closed\"><i aria-hidden=\"true\" class=\"fa-accordion-icon fas fa-plus\"><\/i><\/span><span class=\"eael-advanced-accordion-icon-opened\"><i aria-hidden=\"true\" class=\"fa-accordion-icon fas fa-minus\"><\/i><\/span><span class=\"eael-accordion-tab-title\">\u00bfCu\u00e1nto tiempo tarda en notarse el efecto?<\/span><i aria-hidden=\"true\" class=\"fa-toggle fas fa-angle-right\"><\/i><\/div><div id=\"elementor-tab-content-1524\" class=\"eael-accordion-content clearfix\" data-tab=\"4\" aria-labelledby=\"cunto-tiempo-tarda-en-notarse-el-efecto\"><p>Depende de cada persona, pero muchos pacientes perciben cambios positivos en pocos d\u00edas o semanas de tratamiento.<\/p><p>\u00a0<\/p><\/div>\n\t\t\t\t\t<\/div><div class=\"eael-accordion-list\">\n\t\t\t\t\t<div id=\"dnde-puedo-recibir-terapia-con-flores-de-bach-en-mlaga\" class=\"elementor-tab-title eael-accordion-header\" tabindex=\"0\" data-tab=\"5\" aria-controls=\"elementor-tab-content-1525\"><span class=\"eael-advanced-accordion-icon-closed\"><i aria-hidden=\"true\" class=\"fa-accordion-icon fas fa-plus\"><\/i><\/span><span class=\"eael-advanced-accordion-icon-opened\"><i aria-hidden=\"true\" class=\"fa-accordion-icon fas fa-minus\"><\/i><\/span><span class=\"eael-accordion-tab-title\">\u00bfD\u00f3nde puedo recibir terapia con Flores de Bach en M\u00e1laga?<\/span><i aria-hidden=\"true\" class=\"fa-toggle fas fa-angle-right\"><\/i><\/div><div id=\"elementor-tab-content-1525\" class=\"eael-accordion-content clearfix\" data-tab=\"5\" aria-labelledby=\"dnde-puedo-recibir-terapia-con-flores-de-bach-en-mlaga\"><p>En <strong>Consulta Cervantes<\/strong>, ofrecemos <strong>Flores de Bach en M\u00e1laga<\/strong> con un enfoque humano, profesional y adaptado a tus emociones.<\/p><\/div>\n\t\t\t\t\t<\/div><\/div>\t\t\t\t<\/div>\n\t\t\t\t<\/div>\n\t\t\t\t\t<\/div>\n\t\t\t\t<\/div>\n\t\t\t\t<\/div>\n\t\t","protected":false},"excerpt":{"rendered":"<p>Flores de Bach en M\u00e1laga | Terapia Emocional Natural En Consulta Cervantes en M\u00e1laga, ofrecemos la terapia con Flores de Bach, un tratamiento natural dise\u00f1ado para equilibrar las emociones y mejorar el bienestar interior. Las Flores de Bach en M\u00e1laga son esencias naturales que act\u00faan suavemente sobre estados emocionales como ansiedad, tristeza, estr\u00e9s, inseguridad o [&hellip;]<\/p>\n","protected":false},"author":1,"featured_media":0,"parent":0,"menu_order":0,"comment_status":"closed","ping_status":"closed","template":"elementor_header_footer","meta":{"_joinchat":[],"footnotes":""},"_links":{"self":[{"href":"https:\/\/consultacervantes.com\/index.php\/wp-json\/wp\/v2\/pages\/1705"}],"collection":[{"href":"https:\/\/consultacervantes.com\/index.php\/wp-json\/wp\/v2\/pages"}],"about":[{"href":"https:\/\/consultacervantes.com\/index.php\/wp-json\/wp\/v2\/types\/page"}],"author":[{"embeddable":true,"href":"https:\/\/consultacervantes.com\/index.php\/wp-json\/wp\/v2\/users\/1"}],"replies":[{"embeddable":true,"href":"https:\/\/consultacervantes.com\/index.php\/wp-json\/wp\/v2\/comments?post=1705"}],"version-history":[{"count":7,"href":"https:\/\/consultacervantes.com\/index.php\/wp-json\/wp\/v2\/pages\/1705\/revisions"}],"predecessor-version":[{"id":1740,"href":"https:\/\/consultacervantes.com\/index.php\/wp-json\/wp\/v2\/pages\/1705\/revisions\/1740"}],"wp:attachment":[{"href":"https:\/\/consultacervantes.com\/index.php\/wp-json\/wp\/v2\/media?parent=1705"}],"curies":[{"name":"wp","href":"https:\/\/api.w.org\/{rel}","templated":true}]}}