{"id":1662,"date":"2025-09-15T20:10:35","date_gmt":"2025-09-15T18:10:35","guid":{"rendered":"https:\/\/consultacervantes.com\/?page_id=1662"},"modified":"2025-09-15T21:17:16","modified_gmt":"2025-09-15T19:17:16","slug":"dietas-nutricion","status":"publish","type":"page","link":"https:\/\/consultacervantes.com\/index.php\/dietas-nutricion\/","title":{"rendered":"Dietas y nutrici\u00f3n"},"content":{"rendered":"\t\t<div data-elementor-type=\"wp-page\" data-elementor-id=\"1662\" class=\"elementor elementor-1662\">\n\t\t\t\t<div class=\"elementor-element elementor-element-079e287 e-flex e-con-boxed e-con e-parent\" data-id=\"079e287\" data-element_type=\"container\">\n\t\t\t\t\t<div class=\"e-con-inner\">\n\t\t\t\t<div class=\"elementor-element elementor-element-fccaec6 elementor-widget elementor-widget-heading\" data-id=\"fccaec6\" data-element_type=\"widget\" data-widget_type=\"heading.default\">\n\t\t\t\t<div class=\"elementor-widget-container\">\n\t\t\t\t\t<h2 class=\"elementor-heading-title elementor-size-default\">Dietas y Nutrici\u00f3n en M\u00e1laga | Consulta Cervantes\n<\/h2>\t\t\t\t<\/div>\n\t\t\t\t<\/div>\n\t\t\t\t<div class=\"elementor-element elementor-element-5545715 elementor-widget elementor-widget-image\" data-id=\"5545715\" data-element_type=\"widget\" data-widget_type=\"image.default\">\n\t\t\t\t<div class=\"elementor-widget-container\">\n\t\t\t\t\t\t\t\t\t\t\t\t\t\t\t<img fetchpriority=\"high\" decoding=\"async\" width=\"600\" height=\"338\" src=\"https:\/\/consultacervantes.com\/wp-content\/uploads\/2025\/09\/Dietas-y-Nutricion-en-Malaga-_-Consulta-Cervantes.webp\" class=\"attachment-kava-thumb-xl size-kava-thumb-xl wp-image-1721\" alt=\"Dietas y Nutrici\u00f3n en M\u00e1laga _ Consulta Cervantes\" srcset=\"https:\/\/consultacervantes.com\/wp-content\/uploads\/2025\/09\/Dietas-y-Nutricion-en-Malaga-_-Consulta-Cervantes.webp 600w, https:\/\/consultacervantes.com\/wp-content\/uploads\/2025\/09\/Dietas-y-Nutricion-en-Malaga-_-Consulta-Cervantes-300x169.webp 300w, https:\/\/consultacervantes.com\/wp-content\/uploads\/2025\/09\/Dietas-y-Nutricion-en-Malaga-_-Consulta-Cervantes-150x85.webp 150w\" sizes=\"(max-width: 600px) 100vw, 600px\" \/>\t\t\t\t\t\t\t\t\t\t\t\t\t\t\t<\/div>\n\t\t\t\t<\/div>\n\t\t\t\t<div class=\"elementor-element elementor-element-1952d16 elementor-widget elementor-widget-text-editor\" data-id=\"1952d16\" data-element_type=\"widget\" data-widget_type=\"text-editor.default\">\n\t\t\t\t<div class=\"elementor-widget-container\">\n\t\t\t\t\t\t\t\t\t<p data-start=\"332\" data-end=\"574\">En <strong data-start=\"359\" data-end=\"391\">Consulta Cervantes en M\u00e1laga<\/strong>, dise\u00f1amos <strong data-start=\"403\" data-end=\"450\">dietas personalizadas y planes de nutrici\u00f3n<\/strong> adaptados a tus necesidades. Nuestro objetivo es ayudarte a lograr un estilo de vida saludable, equilibrado y sostenible.<\/p><p data-start=\"576\" data-end=\"821\">Cada persona es \u00fanica. Por eso, nuestros <strong data-start=\"658\" data-end=\"691\">planes de nutrici\u00f3n en M\u00e1laga<\/strong> consideran tu metabolismo, estado de salud y objetivos: bajar de peso, mejorar la energ\u00eda o fortalecer el sistema inmunol\u00f3gico.<\/p><p data-start=\"823\" data-end=\"1065\">Con una <strong data-start=\"876\" data-end=\"897\">dieta equilibrada<\/strong> podr\u00e1s mejorar la digesti\u00f3n, regular el colesterol, controlar la glucosa y prevenir enfermedades. La nutrici\u00f3n adecuada es la base de una vida plena y con vitalidad.<\/p><p data-start=\"1067\" data-end=\"1300\">Integramos la <strong data-start=\"1124\" data-end=\"1155\">nutrici\u00f3n natural en M\u00e1laga<\/strong> con terapias complementarias como fitoterapia, flores de Bach o homeopat\u00eda, creando un enfoque hol\u00edstico para tu bienestar f\u00edsico y emocional.<\/p><p data-start=\"1302\" data-end=\"1530\">Sabemos lo dif\u00edcil que puede ser cambiar h\u00e1bitos alimenticios. Por eso, en <strong data-start=\"1411\" data-end=\"1433\">Consulta Cervantes<\/strong> ofrecemos acompa\u00f1amiento cercano, motivaci\u00f3n constante y asesoramiento pr\u00e1ctico en cada etapa.<\/p><p data-start=\"1532\" data-end=\"1738\">Da el primer paso hacia un cambio positivo. Agenda hoy tu consulta de <strong data-start=\"1633\" data-end=\"1665\">dietas y nutrici\u00f3n en M\u00e1laga<\/strong> y descubre c\u00f3mo una alimentaci\u00f3n consciente puede transformar tu vida.<\/p>\t\t\t\t\t\t\t\t<\/div>\n\t\t\t\t<\/div>\n\t\t\t\t\t<\/div>\n\t\t\t\t<\/div>\n\t\t<div class=\"elementor-element elementor-element-bcd9b59 e-flex e-con-boxed e-con e-parent\" data-id=\"bcd9b59\" data-element_type=\"container\">\n\t\t\t\t\t<div class=\"e-con-inner\">\n\t\t\t\t<div class=\"elementor-element elementor-element-6ddc237 elementor-widget elementor-widget-heading\" data-id=\"6ddc237\" data-element_type=\"widget\" data-widget_type=\"heading.default\">\n\t\t\t\t<div class=\"elementor-widget-container\">\n\t\t\t\t\t<h2 class=\"elementor-heading-title elementor-size-default\">Preguntas frecuentes<\/h2>\t\t\t\t<\/div>\n\t\t\t\t<\/div>\n\t\t\t\t<div class=\"elementor-element elementor-element-b8ef06d elementor-widget elementor-widget-eael-adv-accordion\" data-id=\"b8ef06d\" data-element_type=\"widget\" data-widget_type=\"eael-adv-accordion.default\">\n\t\t\t\t<div class=\"elementor-widget-container\">\n\t\t\t\t\t            <div class=\"eael-adv-accordion\" id=\"eael-adv-accordion-b8ef06d\" data-scroll-on-click=\"no\" data-scroll-speed=\"300\" data-accordion-id=\"b8ef06d\" data-accordion-type=\"accordion\" data-toogle-speed=\"300\">\n            <div class=\"eael-accordion-list\">\n\t\t\t\t\t<div id=\"qu-incluye-un-plan-de-dietas-y-nutricin-en-mlaga\" class=\"elementor-tab-title eael-accordion-header\" tabindex=\"0\" data-tab=\"1\" aria-controls=\"elementor-tab-content-1931\"><span class=\"eael-advanced-accordion-icon-closed\"><i aria-hidden=\"true\" class=\"fa-accordion-icon fas fa-plus\"><\/i><\/span><span class=\"eael-advanced-accordion-icon-opened\"><i aria-hidden=\"true\" class=\"fa-accordion-icon fas fa-minus\"><\/i><\/span><span class=\"eael-accordion-tab-title\">\u00bfQu\u00e9 incluye un plan de dietas y nutrici\u00f3n en M\u00e1laga?<\/span><i aria-hidden=\"true\" class=\"fa-toggle fas fa-angle-right\"><\/i><\/div><div id=\"elementor-tab-content-1931\" class=\"eael-accordion-content clearfix\" data-tab=\"1\" aria-labelledby=\"qu-incluye-un-plan-de-dietas-y-nutricin-en-mlaga\"><p>Incluye valoraci\u00f3n inicial, an\u00e1lisis de h\u00e1bitos, plan alimenticio personalizado y seguimiento para lograr resultados efectivos.<\/p><p>\u00a0<\/p><\/div>\n\t\t\t\t\t<\/div><div class=\"eael-accordion-list\">\n\t\t\t\t\t<div id=\"puedo-bajar-de-peso-con-una-dieta-personalizada\" class=\"elementor-tab-title eael-accordion-header\" tabindex=\"0\" data-tab=\"2\" aria-controls=\"elementor-tab-content-1932\"><span class=\"eael-advanced-accordion-icon-closed\"><i aria-hidden=\"true\" class=\"fa-accordion-icon fas fa-plus\"><\/i><\/span><span class=\"eael-advanced-accordion-icon-opened\"><i aria-hidden=\"true\" class=\"fa-accordion-icon fas fa-minus\"><\/i><\/span><span class=\"eael-accordion-tab-title\">\u00bfPuedo bajar de peso con una dieta personalizada?<\/span><i aria-hidden=\"true\" class=\"fa-toggle fas fa-angle-right\"><\/i><\/div><div id=\"elementor-tab-content-1932\" class=\"eael-accordion-content clearfix\" data-tab=\"2\" aria-labelledby=\"puedo-bajar-de-peso-con-una-dieta-personalizada\"><p>S\u00ed, adaptamos las <strong>dietas para perder peso en M\u00e1laga<\/strong> seg\u00fan tu metabolismo y estilo de vida, siempre cuidando tu salud.<\/p><\/div>\n\t\t\t\t\t<\/div><div class=\"eael-accordion-list\">\n\t\t\t\t\t<div id=\"ofrecen-dietas-para-problemas-de-salud-especficos\" class=\"elementor-tab-title eael-accordion-header\" tabindex=\"0\" data-tab=\"3\" aria-controls=\"elementor-tab-content-1933\"><span class=\"eael-advanced-accordion-icon-closed\"><i aria-hidden=\"true\" class=\"fa-accordion-icon fas fa-plus\"><\/i><\/span><span class=\"eael-advanced-accordion-icon-opened\"><i aria-hidden=\"true\" class=\"fa-accordion-icon fas fa-minus\"><\/i><\/span><span class=\"eael-accordion-tab-title\">\u00bfOfrecen dietas para problemas de salud espec\u00edficos?<\/span><i aria-hidden=\"true\" class=\"fa-toggle fas fa-angle-right\"><\/i><\/div><div id=\"elementor-tab-content-1933\" class=\"eael-accordion-content clearfix\" data-tab=\"3\" aria-labelledby=\"ofrecen-dietas-para-problemas-de-salud-especficos\"><p>S\u00ed, creamos planes nutricionales para controlar colesterol, diabetes, hipertensi\u00f3n o digesti\u00f3n lenta, adaptados a cada persona.<\/p><\/div>\n\t\t\t\t\t<\/div><div class=\"eael-accordion-list\">\n\t\t\t\t\t<div id=\"cunto-tiempo-tarda-en-verse-resultados\" class=\"elementor-tab-title eael-accordion-header\" tabindex=\"0\" data-tab=\"4\" aria-controls=\"elementor-tab-content-1934\"><span class=\"eael-advanced-accordion-icon-closed\"><i aria-hidden=\"true\" class=\"fa-accordion-icon fas fa-plus\"><\/i><\/span><span class=\"eael-advanced-accordion-icon-opened\"><i aria-hidden=\"true\" class=\"fa-accordion-icon fas fa-minus\"><\/i><\/span><span class=\"eael-accordion-tab-title\">\u00bfCu\u00e1nto tiempo tarda en verse resultados?<\/span><i aria-hidden=\"true\" class=\"fa-toggle fas fa-angle-right\"><\/i><\/div><div id=\"elementor-tab-content-1934\" class=\"eael-accordion-content clearfix\" data-tab=\"4\" aria-labelledby=\"cunto-tiempo-tarda-en-verse-resultados\"><p>Depende de cada caso, pero con compromiso los cambios positivos en energ\u00eda, peso y digesti\u00f3n se notan en pocas semanas.<\/p><p>\u00a0<\/p><\/div>\n\t\t\t\t\t<\/div><div class=\"eael-accordion-list\">\n\t\t\t\t\t<div id=\"dnde-puedo-encontrar-un-nutricionista-natural-en-mlaga\" class=\"elementor-tab-title eael-accordion-header\" tabindex=\"0\" data-tab=\"5\" aria-controls=\"elementor-tab-content-1935\"><span class=\"eael-advanced-accordion-icon-closed\"><i aria-hidden=\"true\" class=\"fa-accordion-icon fas fa-plus\"><\/i><\/span><span class=\"eael-advanced-accordion-icon-opened\"><i aria-hidden=\"true\" class=\"fa-accordion-icon fas fa-minus\"><\/i><\/span><span class=\"eael-accordion-tab-title\">\u00bfD\u00f3nde puedo encontrar un nutricionista natural en M\u00e1laga?<\/span><i aria-hidden=\"true\" class=\"fa-toggle fas fa-angle-right\"><\/i><\/div><div id=\"elementor-tab-content-1935\" class=\"eael-accordion-content clearfix\" data-tab=\"5\" aria-labelledby=\"dnde-puedo-encontrar-un-nutricionista-natural-en-mlaga\"><p>En <strong>Consulta Cervantes<\/strong>, te ofrecemos un enfoque humano y profesional para que tu nutrici\u00f3n se convierta en una herramienta de salud integral.<\/p><\/div>\n\t\t\t\t\t<\/div><\/div>\t\t\t\t<\/div>\n\t\t\t\t<\/div>\n\t\t\t\t\t<\/div>\n\t\t\t\t<\/div>\n\t\t\t\t<\/div>\n\t\t","protected":false},"excerpt":{"rendered":"<p>Dietas y Nutrici\u00f3n en M\u00e1laga | Consulta Cervantes En Consulta Cervantes en M\u00e1laga, dise\u00f1amos dietas personalizadas y planes de nutrici\u00f3n adaptados a tus necesidades. Nuestro objetivo es ayudarte a lograr un estilo de vida saludable, equilibrado y sostenible. Cada persona es \u00fanica. Por eso, nuestros planes de nutrici\u00f3n en M\u00e1laga consideran tu metabolismo, estado de [&hellip;]<\/p>\n","protected":false},"author":1,"featured_media":0,"parent":0,"menu_order":0,"comment_status":"closed","ping_status":"closed","template":"elementor_header_footer","meta":{"_joinchat":[],"footnotes":""},"_links":{"self":[{"href":"https:\/\/consultacervantes.com\/index.php\/wp-json\/wp\/v2\/pages\/1662"}],"collection":[{"href":"https:\/\/consultacervantes.com\/index.php\/wp-json\/wp\/v2\/pages"}],"about":[{"href":"https:\/\/consultacervantes.com\/index.php\/wp-json\/wp\/v2\/types\/page"}],"author":[{"embeddable":true,"href":"https:\/\/consultacervantes.com\/index.php\/wp-json\/wp\/v2\/users\/1"}],"replies":[{"embeddable":true,"href":"https:\/\/consultacervantes.com\/index.php\/wp-json\/wp\/v2\/comments?post=1662"}],"version-history":[{"count":7,"href":"https:\/\/consultacervantes.com\/index.php\/wp-json\/wp\/v2\/pages\/1662\/revisions"}],"predecessor-version":[{"id":1724,"href":"https:\/\/consultacervantes.com\/index.php\/wp-json\/wp\/v2\/pages\/1662\/revisions\/1724"}],"wp:attachment":[{"href":"https:\/\/consultacervantes.com\/index.php\/wp-json\/wp\/v2\/media?parent=1662"}],"curies":[{"name":"wp","href":"https:\/\/api.w.org\/{rel}","templated":true}]}}